he thousands digit of 3435880628?
0
What is the thousands digit of 2838753?
8
What is the hundreds digit of 93784846?
8
What is the hundred thousands digit of 46793691?
7
What is the hundred millions digit of 159119586?
1
What is the thousands digit of 24218064?
8
What is the hundreds digit of 26110589?
5
What is the thousands digit of 5270216447?
6
What is the units digit of 519910628?
8
What is the ten millions digit of 18658458?
1
What is the hundred thousands digit of 6173652?
1
What is the ten millions digit of 955633073?
5
What is the hundreds digit of 883960213?
2
What is the units digit of 4515573754?
4
What is the millions digit of 39814373?
9
What is the hundred thousands digit of 316183?
3
What is the hundred millions digit of 996304452?
9
What is the thousands digit of 161751023?
1
What is the units digit of 160367516?
6
What is the units digit of 39065275?
5
What is the ten thousands digit of 981078033?
7
What is the units digit of 24615938?
8
What is the hundreds digit of 43700676?
6
What is the tens digit of 251854672?
7
What is the units digit of 127997285?
5
What is the millions digit of 408861230?
8
What is the thousands digit of 734663680?
3
What is the tens digit of 2962211031?
3
What is the millions digit of 5080716328?
0
What is the ten millions digit of 54897272?
5
What is the thousands digit of 93158911?
8
What is the tens digit of 160017346?
4
What is the tens digit of 20452956?
5
What is the hundreds digit of 4825087832?
8
What is the hundreds digit of 2563690305?
3
What is the ten thousands digit of 3488934923?
3
What is the tens digit of 433201051?
5
What is the millions digit of 337695932?
7
What is the millions digit of 3429293422?
9
What is the hundreds digit of 568923077?
0
What is the ten millions digit of 52214550?
5
What is the tens digit of 1771245823?
2
What is the millions digit of 314030205?
4
What is the tens digit of 128142003?
0
What is the hundreds digit of 2736177250?
2
What is the hundreds digit of 30196474?
4
What is the units digit of 3672231958?
8
What is the hundred thousands digit of 271095665?
0
What is the millions digit of 83547245?
3
What is the hundred millions digit of 101507879?
1
What is the ten thousands digit of 41211012?
1
What is the hundred thousands digit of 3480487299?
4
What is the hundreds digit of 483165457?
4
What is the thousands digit of 505586636?
6
What is the hundreds digit of 1128374368?
3
What is the tens digit of 93645059?
5
What is the millions digit of 9686680?
9
What is the tens digit of 390652415?
1
What is the hundreds digit of 41985416?
4
What is the hundreds digit of 3025910159?
1
What is the millions digit of 47457499?
7
What is the millions digit of 4513260512?
3
What is the units digit of 1761732716?
6
What is the tens digit of 163707200?
0
What is the hundred millions digit of 253624321?
2
What is the units digit of 4298104?
4
What is the ten thousands digit of 2997000256?
0
What is the units digit of 429137345?
5
What is the hundred thousands digit of 1763043256?
0
What is the billions digit of 5885763400?
5
What is the millions digit of 178758613?
8
What is the tens digit of 2967143995?
9
What is the tens digit of 17199868?
6
What is the thousands digit of 26560442?
0
What is the tens digit of 71868135?
3
What is the thousands digit of 16982527?
2
What is the ten thousands digit of 38611768?
1
What is the units digit of 56297657?
7
What is the hundred millions digit of 433709011?
4
What is the thousands digit of 550668556?
8
What is the ten thousands digit of 102512321?
1
What is the ten thousands digit of 2260436767?
3
What is the thousands digit of 3470710628?
0
What is the billions digit of 5296013429?
5
What is the hundred thousands digit of 2828261?
8
What is the hundred millions digit of 765682552?
7
What is the thousands digit of 6134247?
4
What is the tens digit of 69828994?
9
What is the thousands digit of 21712743?
2
What is the hundred millions digit of 1238050592?
2
What is the hundreds digit of 53433360?
3
What is the millions digit of 207782728?
7
What is the hundred thousands digit of 69005094?
0
What is the tens digit of 139504504?
0
What is the hundreds digit of 563994384?
3
What is the hundred millions digit of 400546954?
4
What is the hundred thousands digit of 448769401?
7
What is the tens digit of 2050688?
8
What is the tens digit of 289344951?
5
What is the hundred thousands digit of 308208625?
2
What is the hundreds digit of 95077990?
9
What is the tens digit of 58255295?
9
What is the hundred thousands digit of 24119430?
1
What is the hundreds digit of 377874023?
0
What is the millions digit of 650724313?
0
What is the units digit of 219046216?
6
What is the hundreds digit of 23172916?
9
What is the thousands digit of 38215984?
5
What is the tens digit of 35553286?
8
What is the thousands digit of 21218128?
8
What is the tens digit of 426942639?
3
What is the ten thousands digit of 135578083?
7
What is the hundreds digit of 9156580?
5
What is the ten thousands digit of 154294250?
9
What is the hundreds digit of 2210259798?
7
What is the hundreds digit of 359012970?
9
What is the thousands digit of 42694622?
4
What is the hundreds digit of 217638277?
2
What is the hundred thousands digit of 88262822?
2
What is the millions digit of 1428498751?
8
What is the ten thousands digit of 48088169?
8
What is the hundreds digit of 14163116?
1
What is the hundred thousands digit of 1241425619?
4
What is the billions digit of 1777926741?
1
What is the hundreds digit of 56501750?
7
What is the ten thousands digit of 325400090?
0
What is the tens digit of 1138069254?
5
What is the units digit of 67986958?
8
What is the hundred thousands digit of 964967202?
9
What is the hundreds digit of 143024559?
5
What is the thousands digit of 708375650?
5
What is the tens digit of 118031326?
2
What is the ten millions digit of 570616888?
7
What is the hundreds digit of 294496975?
9
What is the hundreds digit of 47684584?
5
What is the millions digit of 11539205?
1
What is the ten millions digit of 841404832?
4
What is the hundreds digit of 656970063?
0
What is the units digit of 618605134?
4
What is the tens digit of 28306013?
1
What is the tens digit of 6004736839?
3
What is the ten millions digit of 107620345?
0
What is the ten millions digit of 89625072?
8
What is the units digit of 218042644?
4
What is the hundred millions digit of 1465144670?
4
What is the ten millions digit of 39375106?
3
What is the millions digit of 720520982?
0
What is the hundred millions digit of 2231274925?
2
What is the hundred millions digit of 561953831?
5
What is the ten millions digit of 145223418?
4
What is the hundred thousands digit of 2786936023?
9
What is the ten thousands digit of 133587140?
8
What is the billions digit of 1284745871?
1
What is the hundreds digit of 1454572416?
4
What is the ten millions digit of 404771691?
0
What is the hundred millions digit of 414681179?
4
What is the hundred millions digit of 556077709?
5
What is the ten thousands digit of 8766891?
6
What is the thousands digit of 842736340?
6
What is the hundred thousands digit of 387785810?
7
What is the ten millions digit of 173725790?
7
What is the hundred thousands digit of 54438401?
4
What is the ten thousands digit of 2916004033?
0
What is the thousands digit of 636729155?
9
What is the hundred thousands digit of 569192815?
1
What is the millions digit of 4403087962?
3
What is the hundred thousands digit of 31553582?
5
What is the tens digit of 23847791?
9
What is the units digit of 28909749?
9
What is the hundred thousands digit of 26404199?
4
What is the hundreds digit of 438491390?
3
What is the ten thousands digit of 109322571?
2
What is the units digit of 202774192?
2
What is the ten millions digit of 58292034?
5
What is the millions digit of 259236724?
9
What is the tens digit of 24464525?
2
What is the hundred millions digit of 376983445?
3
What is the hundred millions digit of 2714388602?
7
What is the units digit of 308185035?
5
What is the tens digit of 52427746?
4
What is the millions digit of 28166528?
8
What is the hundred thousands digit of 42484487?
4
What is the thousands digit of 618128112?
8
What is the units digit of 117437562?
2
What is the ten thousands digit of 532